368 - 3?
365
In base 16, what is 102 + -2?
100
In base 3, what is -101 - 121?
-222
In base 16, what is -43 - -5?
-3e
In base 9, what is 67 + 86?
164
In base 7, what is 232 - 4?
225
In base 4, what is 10 - 20?
-10
In base 16, what is 3e + -7?
37
In base 13, what is -3 + -2b?
-31
In base 7, what is -21304 + 2?
-21302
In base 5, what is 13 - -331?
344
In base 9, what is -68 - 2?
-71
In base 6, what is -35532 + 2?
-35530
In base 9, what is -23 + 15?
-7
In base 9, what is 16 + 174?
201
In base 14, what is -1 - -c13?
c12
In base 16, what is -147 - 0?
-147
In base 6, what is -251 - -4?
-243
In base 5, what is -4 - -24222?
24213
In base 2, what is -11110 - -1110100?
1010110
In base 10, what is 435 - 3?
432
In base 9, what is -215 + -3?
-218
In base 7, what is 30 + 123?
153
In base 5, what is 10444 + 4?
11003
In base 11, what is 153 - 6?
148
In base 2, what is 11101000 + -100011?
11000101
In base 6, what is 121 - -1033?
1154
In base 11, what is 2 - -93?
95
In base 2, what is -10101 + -1001?
-11110
In base 5, what is 4442 + 3?
10000
In base 2, what is -11 - -1000111?
1000100
In base 14, what is -12 + 0?
-12
In base 7, what is -4 - -22?
15
In base 6, what is 0 + 2521?
2521
In base 9, what is -5 + -252?
-257
In base 10, what is 11 + 38?
49
In base 10, what is -61 - -2?
-59
In base 12, what is -a + 585?
577
In base 5, what is -2 + 23044?
23042
In base 4, what is 310033 + -1?
310032
In base 9, what is 184 + 1?
185
In base 9, what is 167 - 5?
162
In base 6, what is 4 - -1542?
1550
In base 10, what is -227 + -13?
-240
In base 4, what is 2 + 10?
12
In base 2, what is 110 + 10111110?
11000100
In base 15, what is 2 + 82?
84
In base 13, what is 718 + 4?
71c
In base 11, what is -5409 - -5?
-5404
In base 7, what is -220 + 4?
-213
In base 11, what is -277 - -3?
-274
In base 10, what is 2482 - -2?
2484
In base 16, what is -4 - -2e7?
2e3
In base 13, what is 90 - 2?
8b
In base 11, what is -22a - -19?
-211
In base 3, what is -2 + 11220?
11211
In base 16, what is 5 + 24b?
250
In base 16, what is -8f + 0?
-8f
In base 6, what is -13 - 2444?
-2501
In base 7, what is 14 - -1031?
1045
In base 3, what is -101012 + -1?
-101020
In base 2, what is -110010110 - 111?
-110011101
In base 9, what is 211 + -2?
208
In base 7, what is -4 - 61?
-65
In base 4, what is 2132 - 2?
2130
In base 6, what is 0 + -313?
-313
In base 11, what is 11 + -704?
-6a3
In base 11, what is 207 + -18?
19a
In base 15, what is -4 - 3a?
-3e
In base 3, what is -10102 - -101?
-10001
In base 6, what is -1 + 1211?
1210
In base 2, what is 10101111 - 1?
10101110
In base 11, what is -2 + 144?
142
In base 9, what is 5 + 348?
354
In base 16, what is 2 - 7?
-5
In base 3, what is 2220120 + 12?
2220202
In base 12, what is 0 - 68?
-68
In base 15, what is -1 + 13?
12
In base 3, what is -10102202 + -22?
-10110001
In base 9, what is 3 + -212?
-208
In base 10, what is -5 + -4063?
-4068
In base 13, what is 9a + 19?
b6
In base 11, what is 3405 + 4?
3409
In base 3, what is 12 + 10211?
11000
In base 4, what is -3 + -3002?
-3011
In base 16, what is -f - -cb?
bc
In base 9, what is 45 - 4?
41
In base 13, what is -8 - 128?
-133
In base 12, what is 32b - b?
320
In base 6, what is 20 - -4?
24
In base 3, what is -11 + -10121?
-10202
In base 6, what is 41 - 3?
34
In base 7, what is -103 + -36?
-142
In base 8, what is 17 - -21?
40
In base 5, what is 2 + -303?
-301
In base 15, what is 4 + 750?
754
In base 11, what is -3 + -39?
-41
In base 7, what is -20521 + -3?
-20524
In base 5, what is -4 + -341?
-400
In base 14, what is 4 + -630?
-62a
In base 13, what is -784 + -4?
-788
In base 10, what is 94 - -122?
216
In base 16, what is -4 + 7?
3
In base 14, what is 1b + 2?
1d
In base 14, what is 1c - -13?
31
In base 6, what is -31 + 105?
34
In base 12, what is -197a - 0?
-197a
In base 4, what is -1333 - -1?
-1332
In base 11, what is 1a + -698?
-679
In base 6, what is 100 + 144?
244
In base 12, what is 1a13 - -3?
1a16
In base 9, what is -23 - -10?
-13
In base 16, what is 9d - 5?
98
In base 3, what is -11101102 - 2?
-11101111
In base 14, what is -10 - -10?
0
In base 8, what is -10 + -377?
-407
In base 15, what is 42 - 1?
41
In base 9, what is -182 - -3?
-178
In base 4, what is -3100 - -12?
-3022
In base 16, what is 6df5 - 5?
6df0
In base 16, what is -1 - 2c?
-2d
In base 11, what is -3 + 627?
624
In base 3, what is -1200 + 12?
-1111
In base 5, what is -120 - -1244?
1124
In base 11, what is a1 - 1?
a0
In base 4, what is 1103 + 0?
1103
In base 15, what is -2 + -145?
-147
In base 5, what is 4 - -1020?
1024
In base 3, what is -112121 + 21?
-112100
In base 6, what is 50 - -5?
55
In base 16, what is 4 - 5?
-1
In base 13, what is 3 + -68?
-65
In base 2, what is 0 + -1001011?
-1001011
In base 6, what is 134 - 0?
134
In base 11, what is 3 + -529?
-526
In base 4, what is 120 - 121?
-1
In base 8, what is 20 + 44?
64
In base 11, what is -a72 - 2?
-a74
In base 9, what is 14064 - 0?
14064
In base 10, what is -17286 + 1?
-17285
In base 4, what is 22 - -3303?
3331
In base 8, what is 43 - 14?
27
In base 7, what is 234 - -2?
236
In base 7, what is -1231 + -1?
-1232
In base 11, what is 5 - 3a?
-35
In base 16, what is 3 - -ab?
ae
In base 6, what is 3 - 3251?
-3244
In base 14, what is -11 + 10a?
d9
In base 5, what is -20024 - 10?
-20034
In base 12, what is -75 + 2?
-73
In base 5, what is -32440 + -2?
-32442
In base 8, what is -14 + -402?
-416
In base 11, what is -692 + 0?
-692
In base 12, what is -3 + 42?
3b
In base 8, what is 1 - 40?
-37
In base 6, what is 234 - 1?
233
In base 3, what is -12000 - 102?
-12102
In base 14, what is 6 + 3?
9
In base 4, what is 0 + 3310?
3310
In base 5, what is 12 - -23?
40
In base 13, what is 2 + 1265?
1267
In base 14, what is -15 - 21?
-36
In base 16, what is 2 + -75?
-73
In base 9, what is -1 + 1122?
1121
In base 14, what is 2 + -388?
-386
In base 8, what is 4 + -76?
-72
In base 7, what is -5 + -265?
-303
In base 15, what is bc - -1b?
d8
In base 9, what is -1 - 135?
-136
In base 12, what is 14 + -79?
-65
In base 14, what is -134 - -5?
-12d
In base 12, what is 5 - 17?
-12
In base 2, what is 100110010110 - -1?
100110010111
In base 12, what is 168 - 33?
135
In base 14, what is -d5 - 1c?
-113
In base 7, what is -42 + 220?
145
In base 13, what is -4 + 10?
9
In base 4, what is 1302 + 103?
2011
In base 8, what is 16 - 51?
-33
In base 4, what is 1 - 220?
-213
In base 7, what is 305 - 4?
301
In base 8, what is 4 - -1337?
1343
In base 5, what is 1000 + -4?
441
In base 7, what is 2332 - 5?
2324
In base 10, what is -304 + 4?
-300
In base 3, what is 12102 + 0?
12102
In base 5, what is 100 + -1?
44
In base 15, what is -8d - 0?
-8d
In base 16, what is 5 - 350?
-34b
In base 9, what is 4 + -42?
-37
In base 15, what is -d + -1?
-e
In base 4, what is 2221022 + 1?
2221023
In base 3, what is 12 - -20101000?
20101012
In base 5, what is 22 + 4?
31
In base 9, what is 4 + -35?
-31
In base 5, what is 22 - 10?
12
In base 11, what is 8 - 17?
-a
In base 9, what is -1 - -4363?
4362
In base 4, what is 2 - -1322101?
1322103
In base 6, what is 1 - -334?
335
In base 2, what is -1111 + 10110?
111
In base 15, what is 7 + -3?
4
In base 12, what is b8 + -2?
b6
In base 12, what is -3 + 3a4?
3a1
In base 4, what is -2222 + -3?
-2231
In base 11, what is -52a - 1?
-530
In base 3, what is 1100 - 2?
1021
In base 12, what is 6b8 - -4?
700
In base 4, what is -2221 + -2?
-2223
In base 7, what is 3 + -60?
-54
In base 13, what is 1b - -6?
24
In base 6, what is -135444 - -5?
-135435
In base 14, what is -221 - -b?
-214
In base 2, what is 11 + 11?
110
In base 9, what is -3 + -327?
-331
In base 7, what is 1013 - 4?
1006
In base 9, what is 2 - -68?
71
In base 2, what is -11110110 - 1?
-11110111
In base 9, what is -20 + 308?
278
In base 8, what is -20 + 22?
2
In base 8, what is -144 - 1?
-145
In base 11, what is -4 + -896?
-89a
In base 3, what is -20010 + -2?
-20012
In base 12, what is 1 + 8?
9
In base 11, what is 3562 - -1?
3563
In base 16, what is 6d - -2?
6f
In base 5, what is -12 - 101?
-113
In base 5, what is -24321 + 0?
-24321
In base 15, what is 2b - 8?
23
In base 8, what is -7 - 117?
-126
In base 8, what is -55 + -5?
-62
In base 5, what is -23 + 21114?
21041
In base 2, what is -10 - 10000100?
-10000110
In base 13, what is -1ca9 - -5?
-1ca4
In base 3, what is 102210 + -200?
102010
In ba